2 - 6*q**2 + 8 - 4*q + 3. Let u(n) = -4*b(n) + 9*j(n). Calculate u(1).
-4
Let h(y) be the third derivative of -y**6/120 - 7*y**5/60 - 7*y**4/24 + 5*y**3/6 - 44*y**2. Let i = 6 + -12. What is h(i)?
11
Let f(a) = -a**2 - 6 - 228*a**3 - 8*a**2 + 227*a**3 - 16*a. What is f(-7)?
8
Suppose -4*a - a + 2 = -3*n, 0 = -5*n - 2*a - 24. Let k(p) = -6*p**3 - 9*p**2 + 7*p. Let w(i) = -i**3 - i**2 + i - 1. Let q(t) = -k(t) + 5*w(t). Give q(n).
3
Let y(h) = -4*h + 2. Suppose 9*k - 15*k = -30. Give y(k).
-18
Let n(o) = 5 - 13*o + 1 - 5 + 5*o**2 + 12*o. Let p = -12 - -13. What is n(p)?
5
Let q = 1 + -10. Let b be (-2 + -1)*3/q. Suppose b = -4*n + 9. Let z(w) = -4*w + 2. Give z(n).
-6
Let s(y) = -2*y + 8. Let k be s(-11). Suppose k = 4*z + z. Let i(x) = z*x + 3*x**2 - 2 - 2*x - 2*x. Give i(-2).
6
Let j(v) = -v**2 - v + 1. Let w(s) = s**3 - s + 6. Let n(u) = -u - 14. Let y be n(-15). Let h(x) = y*w(x) - 6*j(x). What is h(-5)?
0
Let b(u) = -3*u - 1 - 4 + 2 + 4. Determine b(-3).
10
Let n be 4 + (-1 - (-1 + 0)). Let r(w) = 3*w - 37 - 2*w - 3*w + 15 + 21 + w**2. Give r(n).
7
Let f(c) be the second derivative of 5*c**4/4 - 20*c - 1. Give f(-1).
15
Let s be (74/(-8) + 9)*-1 - (-26)/(-8). Let z(i) = -i. Let l(m) = -m**2 - 4*m - 3. Let h(y) = l(y) + 2*z(y). Determine h(s).
6
Let o(f) = 9*f - 2. Let u(h) = -4*h + 1. Let q(p) = 3*o(p) + 7*u(p). Let j = -3 + 8. Determine q(j).
-4
Let g(k) = -4*k**2 + 2. Let t(u) = -u - 7. Let v be t(-7). Suppose 2*n - 2*z = -z - 37, -n + 2*z - 23 = v. Let f = n + 19. What is g(f)?
-14
Let i = -3 - -4. Let d(o) = -30*o + 30*o + 154306*o**2 - 1 - 154305*o**2. Give d(i).
0
Let d(t) = -11*t**2 - 2*t - 4 + 18 + t + t**3. Let i be d(11). Suppose 2*m + i*m = -10. Let q(r) = -r**2 - 3*r - 2. Determine q(m).
0
Let w(b) = -11*b**2 + 16*b - 19. Let x(t) = 5*t**2 - 8*t + 9. Let j be (-42)/9 + (-2 - (-32)/12). Let c(g) = j*w(g) - 9*x(g). Calculate c(7).
2
Let a(y) = 3 + 2*y - 3*y - 1 + y**2. Let u = 319 - 319. What is a(u)?
2
Let p = 75 + -38. Let o(v) = p*v - 17*v - 17*v - v**2 + 3 - 4. What is o(1)?
1
Let w(z) = -35*z**2 - 3*z + 2*z + 1 - 1 + 40*z**2. Determine w(1).
4
Let r(v) = v**2 + 4*v + 1. Let i(f) = f**2 - 2*f - 23. Let w(u) = i(u) - 2*r(u). Give w(-6).
-1
Let y = 15 + -15. Suppose d = -3*k + 29, -d + 3*k = -7 + 2. Let i(g) = 18*g - d*g - 4*g**3 + 5*g**3 - g**2 + 5. What is i(y)?
5
Let h(f) = 15*f + 5. Let q(p) = -17*p - 7. Let l(r) = 3*h(r) + 2*q(r). Give l(-1).
-10
Let u(x) = -x + 2. Suppose 60 = 4*t - 7*l + 4*l, -2*l = 0. Let d be (1 - 0)/(3/t). Determine u(d).
-3
Let p be (-9)/(-36) - 46/(-8). Suppose p*t = 2*t. Let k(c) = -44*c + t + 46*c - 1. Calculate k(1).
1
Let w(r) = 2*r**2 + r - 1. Let x(i) = -11*i**2 + 3*i + 5. Let p(m) = 4*w(m) + x(m). Give p(3).
-5
Let z(p) = p**3 + 4*p**2 - 6*p - 9. Let b = -2437 + 2431. Determine z(b).
-45
Let l = 90 - -466. Let o(q) = -l*q + 4*q**2 - q**3 + 551*q + q**2 + 0 + 3. Let v(y) = y - 3. Let z be v(6). Give o(z).
6
Let k(j) = j**3 - 17*j**2 - 17. Let i be (-12)/(-9) + 2/3. Let l(b) = -2*b**2 + i*b - 2 - 4*b + 2*b. Let n(f) = -6*k(f) + 51*l(f). Determine n(-1).
6
Let a = -9460 + 9465. Let u(q) be the second derivative of -q**5/20 + q**4/3 + q**3 - q**2/2 + 2*q. What is u(a)?
4
Suppose -2*y = 3*v + 2, -2*v = 3*v + 2*y - 2. Let a(i) be the second derivative of -3/2*i**2 + 0 + 2/3*i**3 - 1/6*i**4 + 5*i. Calculate a(v).
-3
Let u(w) = -w + 2. Let d(n) = n**3 - 8*n**2 - 21*n + 4. Let h be d(10). What is u(h)?
8
Let h(m) = m. Let s(r) = r - 3. Let f(b) = 5*h(b) - s(b). Give f(-2).
-5
Let t(n) be the second derivative of 5/6*n**3 - n + 1/12*n**4 + 0 - 3*n**2. Calculate t(-6).
0
Let l(m) = m**3 - 4*m**2 + 2*m - 4. Let t(n) = -4*n + 44. Let k be t(11). Suppose k = -2*v + 3*p + 12, -3*v + p + 12 = 1. Determine l(v).
-7
Let f(m) be the third derivative of m**6/120 - m**5/20 + m**4/8 - 2*m**3/3 + 551*m**2. Calculate f(2).
-2
Let i(f) = -10*f**2 - 7*f - 4. Let b(x) = -3 - x + 6*x + 7 + 7*x**2 - 1. Let l(c) = -7*b(c) - 5*i(c). What is l(0)?
-1
Let q(u) = -5 - 2*u - 3 - 6 + 11. Let i(w) = -3*w - 4. Let y(k) = -3*i(k) + 4*q(k). Let a(p) = p + 12. Let l be a(-5). Calculate y(l).
7
Let o(w) be the first derivative of -w**2/2 + 4*w + 5. Suppose 3*l + 3*i + 104 = i, -3*i + 15 = 0. Let h be l/(-14) - (-8)/28. Calculate o(h).
1
Let l(a) = -a + 2*a - 5 - 4*a. Let r(n) = 10 - 3*n - n - 15. Let d(x) = 5*l(x) - 4*r(x). Determine d(0).
-5
Let q(m) = 5*m - 1. Let a(n) = -n. Suppose -5*l + 35 = 5. Let z(f) = l*q(f) + 33*a(f). Give z(-5).
9
Let o(n) = -2*n**2 + 4*n + 4. Suppose -2 = c - m, 11*c - 3*m = 10*c - 2. Calculate o(c).
-12
Let a(s) = -13*s + 13. Let z(h) = h - 2. Let p(i) = a(i) + 5*z(i). Calculate p(2).
-13
Let k(i) = i**3 - 3*i**2 - 2*i - 4. Let g = -21 + 11. Let f = -11 - g. Let p be f/(-1) - 4/(-2). Determine k(p).
-10
Let i(v) = -4 + 2*v - 2 - 2 + 3. Let a(y) = -y**2 - 2*y + 2. Let k be a(0). Suppose -7 + k = -w. What is i(w)?
5
Let a(h) = -3*h + 3. Let s(u) = u**2 - 10*u + 6. Let w be s(7). Let i be (-6)/w + (-94)/10. Let j be ((-4)/(12/i))/(-1). Determine a(j).
12
Suppose 0 = 5*f + 19 - 4. Let b(v) be the second derivative of 1/3*v**3 - v**2 + 1/4*v**4 + 1/20*v**5 + 0 - v. Determine b(f).
-8
Let o(d) = 2*d**3 + 23*d**2 + 14*d + 9. Let j(f) = f**3 + 11*f**2 + 7*f + 5. Let x(p) = -9*j(p) + 4*o(p). Suppose 8*y = -11*y - 114. Determine x(y).
-3
Let h(l) = l**2 - 21*l + 20. Let y be h(19). Let f be (-3 + y/(-4))*(-42)/(-9). Let d(i) = -i**3 + 7*i**2 + 10. What is d(f)?
10
Let x(d) = 24*d - 1. Let g be x(1). Let l = 27 - g. Let c(o) be the first derivative of -o**2 + 3*o - 9. Determine c(l).
-5
Let f(o) = o**3 + 5*o**2 - 8*o - 1. Suppose -42 = -66*q + 73*q. Give f(q).
11
Suppose -6*y - 13 + 19 = 0. Let l(x) = -6*x**2 - x. What is l(y)?
-7
Let l = 2 + 2. Let p(u) = 5 + 7 - u**2 - l*u + 8 - 18. What is p(-3)?
5
Let g(b) be the third derivative of 3*b + 1/120*b**6 + 0 - 1/10*b**5 + 5/6*b**3 - 4*b**2 - 7/24*b**4. Calculate g(7).
5
Suppose -3*a = -2*x, -4*a + 4*x = -9*a. Let u(r) = 2*r - 1. Let g be u(4). Let d(s) = -2*s + 7 + s**2 - s + g*s + a*s. Give d(-5).
12
Let u(j) = 4*j + 1. Let r be u(-1). Let n = -4 - -7. Let i(t) = 0*t**3 + t**3 - 2*t - 2*t**n - 3*t**2 - 4. Calculate i(r).
2
Let k(o) = 2*o - 6. Let l(g) = -6*g + 5. Let i(u) = -u - 1. Let c(s) = s - 11. Let z(a) = c(a) - 5*i(a). Let w(q) = -6*l(q) - 5*z(q). Let r be w(1). Give k(r).
6
Let m(p) = -4 + p**2 + 0*p**2 + 5*p**3 + 2*p - 2*p**2 + 6 + 0*p**2. Determine m(-1).
-6
Suppose 2*a - 2*s = 6, 5*a - 5*s = -3*s + 30. Let l(c) = 4*c - 36. Give l(a).
-4
Suppose -34 = 3*g - 4*i, -g + 4 = -3*g - 2*i. Let t(d) = -d**3 - 6*d**2 + 5. Determine t(g).
5
Let q(r) = -5*r - 11. Let g(x) be the third derivative of x**4/24 - 15*x**2. Let f(t) = 4*g(t) + q(t). Give f(-5).
-6
Let d(c) = 7*c**3 - 4*c**2 - 4*c + 14. Let q(j) = 9*j**3 - 5*j**2 - 4*j + 18. Let a(o) = -4*d(o) + 3*q(o). Calculate a(3).
-8
Let g(s) = -7*s**2 - 3*s - 5. Let x be g(0). Let t(q) = q**2 + 6*q - 1. Give t(x).
-6
Let q(n) be the second derivative of 3*n**5/10 - n**4/4 - n**3/6 + 2*n + 180. Determine q(-1).
-8
Let q(x) = x + 12. Suppose 12*n + 88 = -20. Give q(n).
3
Let g(q) be the first derivative of q**3/3 + 4*q**2 - 10*q + 280. Determine g(-8).
-10
Let v(l) = 2*l**2 - 5*l + 6. Suppose 20 = -4*f - 7*n + 12*n, 4*n = 0. Determine v(f).
81
Let z(x) = 6*x**2 + 1442*x**3 + 2*x - 5*x - 1441*x**3 - 4. What is z(-6)?
14
Let d be (12/(-7))/(-2)*(-85 - -71). Let v(h) = -h**2 - 11*h + 9. Determine v(d).
-3
Let p(b) = b**2 + 7*b + 1. Let f(a) be the first derivative of -2*a**2 + 10*a - 2. Let t be f(4). Determine p(t).
-5
Let y(s) = -s**2 + 8*s - 2. Suppose -3*t + 5*g + 4 = 0, 2*t - 10 = -3*t + 5*g. Suppose -4*m - 2*v + 46 = 0, -4 = m - 2*v - t. Let f = m + -3. Determine y(f).
10
Let d be 9/(-1) + (-45)/5. Let v(f) = -2*f - 40. Determine v(d).
-4
Let h = 24 - 20. Suppose -2*p - h = -d, 3*d - p = -2*d + 20. Let s(m) = 3*m - 2*m**2 + 4 + 0 + m**2. Give s(d).
0
Let v(z) = z**3 - 6*z**2 - 2*z + 5. Let y = -60 - -62. Let h be (-10)/(-3)*y + 2/(-3). Calculate v(h).
-7
Let p(a) be the third derivative of a**7/5040 - 13*a**6/720 + 7*a**5/30 + 4*a**2. Let w(h) be the third derivative of p(h). Determine w(6).
-7
Let m(v) = -v**3 - 7*v**2 + 9*v + 13. Let h = 1861 + -1869. Give m(h).
5
Suppose 0 = r - 0*r - q - 2, -4 = -r - q. Let y